= -2*g - 5*z + 56. Let o = g + -15. What is the greatest common factor of o and 11?
11
Suppose 2*p = 2*g + 694, 4*p - 76 - 1321 = -5*g. Calculate the highest common divisor of 48 and p.
12
Suppose 2*l = -2*y + 200, 3*y - 400 = -4*l - 0*y. Let p be (-1)/(l/(-33) - -3). Suppose 35*w = p*w + 90. Calculate the greatest common factor of 5 and w.
5
Suppose -8*h + 1191 = -4*h - 3*k, 3*h = k + 887. What is the highest common factor of 1911 and h?
147
Let j(o) = 83*o + 3458. Let w be j(-39). Calculate the highest common divisor of w and 17.
17
Suppose 0 = -4*r + 12*o - 14*o + 182, -4*r + 2*o + 170 = 0. Let m be ((-6)/(-2))/3*11*3. What is the greatest common factor of r and m?
11
Let k(n) = -n + 7. Let f be k(0). Let d be 17/f - (-21)/(-49). Suppose 4*o + 10*i - 17 = 5*i, -4 = -d*o + 2*i. What is the greatest common factor of 3 and o?
3
Suppose -423 = -9*s - 315. Suppose -2*c - 5*n + 2 = -1, 2*c + 2*n = s. Calculate the highest common factor of 72 and c.
9
Let n = 160 - 151. Suppose n = -9*p + 10*p. Suppose 7*d = 2*d + 765. What is the greatest common factor of d and p?
9
Suppose 45*o + 1430 = -10*o. Let b(s) = 2*s**2 + 49*s + 42. Let a be b(o). Calculate the highest common divisor of a and 72.
24
Let u be (1824/(-760))/(2/8*6/(-255)). What is the greatest common divisor of 1496 and u?
136
Let o = -412 - -431. Suppose -5*l - 421 = 619. Let v be (-27632)/l + (-2)/(-13). What is the highest common divisor of v and o?
19
Let h = 214 + -185. Suppose -78 = -3*f - 33. Suppose y - 614 = -3*b, -y + 4*y = f. What is the greatest common factor of b and h?
29
Suppose -5*t - 329*t + 1305940 = 0. What is the greatest common divisor of t and 345?
115
Let o = -17142 - -17307. What is the greatest common factor of o and 840?
15
Let a(c) = c**2 - c + 5. Let s be a(-5). Let h be (-49)/(-7) - 12/2. Let p = h - -6. What is the highest common factor of s and p?
7
Let g = 14269 - 8015. What is the highest common divisor of 118 and g?
118
Suppose 85*l = -28*l + 102152. Calculate the highest common divisor of l and 8.
8
Suppose -11*y = -20*h + 22*h - 45, 3*y - 2*h = 25. What is the highest common factor of 945 and y?
5
Suppose -7*f = -11*f + 20. Suppose -2*g - f = -2*h - 45, 2*g - 3*h = 36. Let i = 38 - g. What is the highest common factor of 49 and i?
7
Suppose 75 = -0*z + 3*z. Let r(c) = c**2 - 196*c + 6129. Let b be r(158). What is the highest common factor of b and z?
25
Suppose 4*s - 3422 = 5*w, w - 235 - 1483 = -2*s. What is the highest common factor of s and 468?
78
Let t = -10 + -40. Let g = 59 + t. Suppose -15 = -2*o - g. Calculate the highest common factor of o and 15.
3
Let y = 38 + -35. Suppose -3*v - 39 = -y*r, -3*r - v + 7 = -2*r. Let z be ((-3)/(-1) - -34) + r/(-5). Calculate the greatest common factor of 7 and z.
7
Let t(i) = 17*i - 84. Let p be t(6). Let v = 19 - 13. Let m(f) = 2*f - 6. Let w be m(v). What is the highest common divisor of w and p?
6
Let j = 447 - 384. Let p be (0 - (-18)/j) + 514/14. What is the highest common divisor of p and 703?
37
Suppose 0 = 5*z + 2*f - 388, -4*f + 130 + 6 = 2*z. What is the greatest common factor of 4720 and z?
80
Suppose -5150 = -26*i + 934. Suppose -249*r = -i*r - 720. Calculate the highest common factor of r and 60.
12
Let k = -1594 + 3085. What is the greatest common divisor of k and 35?
7
Let y = 361 - 358. Suppose 0 = -3*s - y*j + 27 + 9, 0 = -4*s + 3*j + 34. Let v(h) = -h**3 + 25. Let q be v(0). What is the highest common factor of s and q?
5
Let q(l) be the third derivative of -l**5/60 + 5*l**4/24 + 4*l**3/3 - 104*l**2. Let v be q(5). Calculate the greatest common divisor of 152 and v.
8
Let k(d) = 15*d**2 - 2*d. Let g be k(-2). Suppose 2*i - g + 28 = 0. Let p be 4/14 + (-1)/(-7)*61. What is the greatest common factor of i and p?
9
Let x(f) = f**2 + 8*f + 11. Let b be x(-16). Let a = b + -65. Let s = a + -55. What is the greatest common factor of 19 and s?
19
Let k(c) = 380*c - 2250. Let j be k(6). What is the highest common factor of j and 7530?
30
Let s(c) = c**3 - c**2 - 229*c + 1186. Let b be s(5). Calculate the highest common factor of b and 15.
3
Suppose 53 = 3*d + 5*f, -2*d - 9 + 40 = -f. Let m be (0*(-4)/d)/(-1). Suppose m = -5*v - 0*v + 330. What is the highest common divisor of 44 and v?
22
Suppose 65*n - 99*n + 5372 = 0. What is the highest common divisor of n and 237?
79
Let c = 169 + -118. Let d = c + -48. Suppose 0 = -4*f + 5*b + 370, d*f - 331 = 3*b - 55. Calculate the highest common divisor of 10 and f.
10
Suppose -9*f = 61*f + 55*f - 263750. Calculate the greatest common divisor of 30 and f.
10
Let w be (-4)/8*-26 - (-21)/(-3). Let z(a) = -a + a - 6 + a**2. Let n be z(w). What is the highest common factor of n and 10?
10
Let c be (-1152)/(-160)*25/10. Calculate the greatest common divisor of 7956 and c.
18
Let h be 44/(-2)*(0 + -2 + -1). Suppose -67 = -7*k + h. Suppose 5*j = 1 + k. Calculate the highest common factor of 44 and j.
4
Let m = 3592 - 2022. Calculate the greatest common divisor of 20 and m.
10
Suppose 54*a + 93145 - 807254 - 127643 = 0. What is the highest common factor of a and 72?
36
Let n = 5 + -10. Let y be 3 - (-15)/n - 0. Suppose -3*x = -y*x - 12. What is the highest common factor of 32 and x?
4
Suppose -67*i + 63*i = 72. Let p(x) be the third derivative of -x**4/12 - 35*x**3/6 - 17*x**2. Let d be p(i). What is the greatest common divisor of d and 7?
1
Suppose -123 = -3*w + 6*r + 132, 4*r = 5*w - 389. What is the greatest common factor of w and 3869?
73
Suppose 42 = 3*u + 4*b, -6*u + 5*b + 35 = -u. Suppose -u = -l - 0. Calculate the greatest common divisor of l and 50.
10
Let q = -25 - 5. Let g be 1434/30 - (-3)/q*-2. Suppose g = 2*y - 4*s, -3*y + 36 = -2*s - 40. What is the greatest common divisor of 78 and y?
26
Let j be ((-1848)/(-63) - 30) + 142/6. What is the highest common divisor of 25162 and j?
23
Let a = -59 - -63. Suppose 5 = h - a*d, -h + d = -2*d - 6. Let n(p) = -p**3 + 10*p**2 - 3*p - 12. Let o be n(h). What is the highest common factor of o and 63?
21
Let m(w) = -52*w + 12. Let b be m(1). Let t be b/14*119/(-34). What is the greatest common factor of t and 610?
10
Let m be (-1193)/2*-5 + (-252)/168. What is the highest common divisor of m and 11?
11
Let i(u) = -9*u + 212. Let b(k) = -30*k + 636. Let m(d) = -2*b(d) + 7*i(d). Let c be m(12). What is the greatest common divisor of 66 and c?
22
Suppose -3*c - 5302 = 9*i - 11*i, 0 = -4*i - 5*c + 10560. What is the greatest common divisor of 23 and i?
23
Suppose -3*x + 2*h + 84 = 0, 3*x - 8*h = -4*h + 90. Suppose 145*g - 288*g + 133*g + 1430 = 0. What is the highest common factor of g and x?
13
Let h be 2/3*(-1914)/44. Let g be 38/4 - h/(-58). Suppose -2*z = -j - j - 64, 2*j + 10 = 0. Calculate the highest common factor of g and z.
9
Let s be 35/(-5 + 96/18). Let w = s + -101. Suppose p - 3*t = -11, 0 = -t - 0 + 4. What is the highest common divisor of p and w?
1
Let r be 13539/24 + (26/16)/(-13). Let s = 566 - r. Calculate the highest common factor of 50 and s.
2
Let c = 218 - 210. Suppose -928 = -21*d - c*d. Suppose 0 = -5*h + 68 + 332. What is the highest common divisor of h and d?
16
Let q = -3165 + 3295. Let u be (-5*6/(-35))/((-1)/(-35)). Calculate the highest common factor of u and q.
10
Let l be (-24)/200 - 530/(-250). Calculate the greatest common factor of l and 446.
2
Suppose -239 = -2*n - 1. Let w be 7055/n + (-4)/14. Calculate the highest common factor of w and 472.
59
Suppose 0 = 18*a + 6969 - 16653. Suppose -a*v + 102 = -532*v. What is the highest common factor of v and 17?
17
Let u = 18628 + -18608. Let r(l) = 5*l - 5. Let x be r(4). Calculate the greatest common divisor of x and u.
5
Let z be 19720/28 + 72/(-252). Calculate the highest common divisor of z and 11.
11
Let i = 4481 - 4474. Suppose 0*n = -4*n + 12. What is the highest common divisor of i and n?
1
Let u(q) = q**3 - q**2 - 9*q + 20. Let a = 59 - 57. Let p be u(a). What is the highest common factor of 6 and p?
6
Suppose -17*b - 3*b + 579 = -7661. Calculate the greatest common factor of 16 and b.
4
Let q be (-2)/10 + 183/15. Suppose 10*r = -1 - 9. Let h be r + 6*(1/(-2) + 2). What is the greatest common divisor of h and q?
4
Let m = 9077 - 6365. Calculate the greatest common factor of 48 and m.
24
Suppose -3*p - 3*m = 12, -5*m = 3*p - p + 